{"id":752,"date":"2020-11-13T17:18:24","date_gmt":"2020-11-13T20:18:24","guid":{"rendered":"https:\/\/tvovo.org\/portal\/sobrado\/?page_id=752"},"modified":"2021-10-22T17:32:11","modified_gmt":"2021-10-22T20:32:11","slug":"arquitetura","status":"publish","type":"page","link":"https:\/\/tvovo.org\/portal\/sobrado\/arquitetura\/","title":{"rendered":"Arquitetura"},"content":{"rendered":"\t\t<div data-elementor-type=\"wp-page\" data-elementor-id=\"752\" class=\"elementor elementor-752\" data-elementor-post-type=\"page\">\n\t\t\t\t\t\t<section class=\"elementor-section elementor-top-section elementor-element elementor-element-b960b27 elementor-section-full_width elementor-section-height-min-height elementor-section-height-default elementor-section-items-middle\" data-id=\"b960b27\" data-element_type=\"section\" data-e-type=\"section\" data-settings=\"{&quot;background_background&quot;:&quot;slideshow&quot;,&quot;background_slideshow_gallery&quot;:[{&quot;id&quot;:440,&quot;url&quot;:&quot;https:\\\/\\\/tvovo.org\\\/portal\\\/sobrado\\\/wp-content\\\/uploads\\\/sites\\\/3\\\/2020\\\/10\\\/Sobrado-Centro-Cultural-F1-scaled-e1605896458881.jpg&quot;}],&quot;background_slideshow_slide_duration&quot;:5000,&quot;background_slideshow_slide_transition&quot;:&quot;fade&quot;,&quot;background_slideshow_transition_duration&quot;:500}\">\n\t\t\t\t\t\t\t<div class=\"elementor-background-overlay\"><\/div>\n\t\t\t\t\t\t\t<div class=\"elementor-container elementor-column-gap-default\">\n\t\t\t\t\t<div class=\"elementor-column elementor-col-100 elementor-top-column elementor-element elementor-element-34d8620f\" data-id=\"34d8620f\" data-element_type=\"column\" data-e-type=\"column\">\n\t\t\t<div class=\"elementor-widget-wrap\">\n\t\t\t\t\t\t\t<\/div>\n\t\t<\/div>\n\t\t\t\t\t<\/div>\n\t\t<\/section>\n\t\t\t\t<section class=\"elementor-section elementor-top-section elementor-element elementor-element-350bafe8 elementor-section-boxed elementor-section-height-default elementor-section-height-default\" data-id=\"350bafe8\" data-element_type=\"section\" data-e-type=\"section\">\n\t\t\t\t\t\t<div class=\"elementor-container elementor-column-gap-default\">\n\t\t\t\t\t<div class=\"elementor-column elementor-col-100 elementor-top-column elementor-element elementor-element-3576c1c1\" data-id=\"3576c1c1\" data-element_type=\"column\" data-e-type=\"column\">\n\t\t\t<div class=\"elementor-widget-wrap elementor-element-populated\">\n\t\t\t\t\t\t<div class=\"elementor-element elementor-element-33f60478 elementor-widget elementor-widget-heading\" data-id=\"33f60478\" data-element_type=\"widget\" data-e-type=\"widget\" data-widget_type=\"heading.default\">\n\t\t\t\t<div class=\"elementor-widget-container\">\n\t\t\t\t\t<h2 class=\"elementor-heading-title elementor-size-default\">Arquitetura<\/h2>\t\t\t\t<\/div>\n\t\t\t\t<\/div>\n\t\t\t\t\t<\/div>\n\t\t<\/div>\n\t\t\t\t\t<\/div>\n\t\t<\/section>\n\t\t\t\t<section class=\"elementor-section elementor-top-section elementor-element elementor-element-5e1614db elementor-section-boxed elementor-section-height-default elementor-section-height-default\" data-id=\"5e1614db\" data-element_type=\"section\" data-e-type=\"section\">\n\t\t\t\t\t\t<div class=\"elementor-container elementor-column-gap-default\">\n\t\t\t\t\t<div class=\"elementor-column elementor-col-100 elementor-top-column elementor-element elementor-element-44cafd8c\" data-id=\"44cafd8c\" data-element_type=\"column\" data-e-type=\"column\">\n\t\t\t<div class=\"elementor-widget-wrap elementor-element-populated\">\n\t\t\t\t\t\t<div class=\"elementor-element elementor-element-77b790b elementor-widget elementor-widget-spacer\" data-id=\"77b790b\" data-element_type=\"widget\" data-e-type=\"widget\" data-widget_type=\"spacer.default\">\n\t\t\t\t<div class=\"elementor-widget-container\">\n\t\t\t\t\t\t\t<div class=\"elementor-spacer\">\n\t\t\t<div class=\"elementor-spacer-inner\"><\/div>\n\t\t<\/div>\n\t\t\t\t\t\t<\/div>\n\t\t\t\t<\/div>\n\t\t\t\t<section class=\"elementor-section elementor-inner-section elementor-element elementor-element-77cf7259 elementor-section-boxed elementor-section-height-default elementor-section-height-default\" data-id=\"77cf7259\" data-element_type=\"section\" data-e-type=\"section\">\n\t\t\t\t\t\t<div class=\"elementor-container elementor-column-gap-default\">\n\t\t\t\t\t<div class=\"elementor-column elementor-col-50 elementor-inner-column elementor-element elementor-element-5825a8f8\" data-id=\"5825a8f8\" data-element_type=\"column\" data-e-type=\"column\">\n\t\t\t<div class=\"elementor-widget-wrap elementor-element-populated\">\n\t\t\t\t\t\t<div class=\"elementor-element elementor-element-3382fe2a elementor-widget elementor-widget-image\" data-id=\"3382fe2a\" data-element_type=\"widget\" data-e-type=\"widget\" data-widget_type=\"image.default\">\n\t\t\t\t<div class=\"elementor-widget-container\">\n\t\t\t\t\t\t\t\t\t\t\t\t<figure class=\"wp-caption\">\n\t\t\t\t\t\t\t\t\t\t<img fetchpriority=\"high\" decoding=\"async\" width=\"1024\" height=\"769\" src=\"https:\/\/tvovo.org\/portal\/sobrado\/wp-content\/uploads\/sites\/3\/2021\/10\/Sobrado-em-1960-1024x769.jpg\" class=\"attachment-large size-large wp-image-2169\" alt=\"\" srcset=\"https:\/\/tvovo.org\/portal\/sobrado\/wp-content\/uploads\/sites\/3\/2021\/10\/Sobrado-em-1960-1024x769.jpg 1024w, https:\/\/tvovo.org\/portal\/sobrado\/wp-content\/uploads\/sites\/3\/2021\/10\/Sobrado-em-1960-300x225.jpg 300w, https:\/\/tvovo.org\/portal\/sobrado\/wp-content\/uploads\/sites\/3\/2021\/10\/Sobrado-em-1960-768x576.jpg 768w, https:\/\/tvovo.org\/portal\/sobrado\/wp-content\/uploads\/sites\/3\/2021\/10\/Sobrado-em-1960-1536x1153.jpg 1536w, https:\/\/tvovo.org\/portal\/sobrado\/wp-content\/uploads\/sites\/3\/2021\/10\/Sobrado-em-1960-2048x1537.jpg 2048w\" sizes=\"(max-width: 1024px) 100vw, 1024px\" \/>\t\t\t\t\t\t\t\t\t\t\t<figcaption class=\"widget-image-caption wp-caption-text\">Registro realizado no final da d\u00e9cada de 1960.<\/figcaption>\n\t\t\t\t\t\t\t\t\t\t<\/figure>\n\t\t\t\t\t\t\t\t\t<\/div>\n\t\t\t\t<\/div>\n\t\t\t\t<div class=\"elementor-element elementor-element-61cd233 elementor-widget elementor-widget-image\" data-id=\"61cd233\" data-element_type=\"widget\" data-e-type=\"widget\" data-widget_type=\"image.default\">\n\t\t\t\t<div class=\"elementor-widget-container\">\n\t\t\t\t\t\t\t\t\t\t\t\t<figure class=\"wp-caption\">\n\t\t\t\t\t\t\t\t\t\t<img decoding=\"async\" width=\"1024\" height=\"576\" src=\"https:\/\/tvovo.org\/portal\/sobrado\/wp-content\/uploads\/sites\/3\/2021\/10\/Sobrado-atualmente1-1024x576.jpg\" class=\"attachment-large size-large wp-image-2178\" alt=\"\" srcset=\"https:\/\/tvovo.org\/portal\/sobrado\/wp-content\/uploads\/sites\/3\/2021\/10\/Sobrado-atualmente1-1024x576.jpg 1024w, https:\/\/tvovo.org\/portal\/sobrado\/wp-content\/uploads\/sites\/3\/2021\/10\/Sobrado-atualmente1-300x169.jpg 300w, https:\/\/tvovo.org\/portal\/sobrado\/wp-content\/uploads\/sites\/3\/2021\/10\/Sobrado-atualmente1-768x432.jpg 768w, https:\/\/tvovo.org\/portal\/sobrado\/wp-content\/uploads\/sites\/3\/2021\/10\/Sobrado-atualmente1-1536x864.jpg 1536w, https:\/\/tvovo.org\/portal\/sobrado\/wp-content\/uploads\/sites\/3\/2021\/10\/Sobrado-atualmente1-2048x1152.jpg 2048w\" sizes=\"(max-width: 1024px) 100vw, 1024px\" \/>\t\t\t\t\t\t\t\t\t\t\t<figcaption class=\"widget-image-caption wp-caption-text\">Estado atual da edifica\u00e7\u00e3o.<\/figcaption>\n\t\t\t\t\t\t\t\t\t\t<\/figure>\n\t\t\t\t\t\t\t\t\t<\/div>\n\t\t\t\t<\/div>\n\t\t\t\t\t<\/div>\n\t\t<\/div>\n\t\t\t\t<div class=\"elementor-column elementor-col-50 elementor-inner-column elementor-element elementor-element-57647baf\" data-id=\"57647baf\" data-element_type=\"column\" data-e-type=\"column\">\n\t\t\t<div class=\"elementor-widget-wrap elementor-element-populated\">\n\t\t\t\t\t\t<div class=\"elementor-element elementor-element-73a8d754 elementor-widget elementor-widget-text-editor\" data-id=\"73a8d754\" data-element_type=\"widget\" data-e-type=\"widget\" data-widget_type=\"text-editor.default\">\n\t\t\t\t<div class=\"elementor-widget-container\">\n\t\t\t\t\t\t\t\t\t<p>Ao partir da premissa de que a pr\u00e9-exist\u00eancia deveria ser a obra de maior relev\u00e2ncia da interven\u00e7\u00e3o, o projeto Sobrado Centro Cultural prioriza a preserva\u00e7\u00e3o das caracter\u00edsticas arquitet\u00f4nicas e a volumetria da edifica\u00e7\u00e3o datada de 1916 e da fachada de seu pr\u00e9dio anexo, datada de 1940. O projeto prev\u00ea a recupera\u00e7\u00e3o do casar\u00e3o e a sua transforma\u00e7\u00e3o em um centro cultural dedicado \u00e0s diversas manifesta\u00e7\u00f5es culturais, com \u00eanfase para o audiovisual e projetos sociais ligados \u00e0 cultura, comunica\u00e7\u00e3o e mem\u00f3ria. Nesta primeira fase, o projeto direciona-se para a recupera\u00e7\u00e3o do im\u00f3vel que est\u00e1 sem cobertura desde 2010. <\/p>\n<p>Pouco resta da configura\u00e7\u00e3o interna da casa, todavia \u00e9 poss\u00edvel entender os seus espa\u00e7os atrav\u00e9s de vest\u00edgios como restos de paredes, revestimentos e gravuras. Os desenhos e ornamentos que remetem ao Ecletismo permanecem (quase \u00edntegros) nas fachadas do casar\u00e3o, com destaque para o front\u00e3o triangular do Neocl\u00e1ssico. <\/p>\n<p>O estilo arquitet\u00f4nico da casa faz parte do Ecletismo, definido como uma tend\u00eancia est\u00e9tica que resulta da fus\u00e3o, da inser\u00e7\u00e3o ou da coexist\u00eancia de elementos de diversas proced\u00eancias e de diferentes \u00e9pocas em uma mesma constru\u00e7\u00e3o. Considerando o contexto hist\u00f3rico, o casar\u00e3o pode indicar o engajamento do propriet\u00e1rio com a modernidade e com o progresso. Ou seja, o desejo de romper com a est\u00e9tica barroca e o uso de materiais e t\u00e9cnicas simples, est\u00e9tica esta que predominou durante o Brasil Colonial. <\/p>\n<p>J\u00e1 o galp\u00e3o anexo possui fachada Art D\u00e8co, muito presente em Santa Maria, trazendo na ornamenta\u00e7\u00e3o o geometrismo caracter\u00edstico do in\u00edcio do s\u00e9culo XX.<\/p>\n<p>Ambos foram tombados em 2018 como patrim\u00f4nio hist\u00f3rico e cultural do&nbsp; munic\u00edpio pelo decreto n\u00ba 99, de 30 de agosto. A casa \u00e9 de interesse hist\u00f3rico-patrimonial por seu valor arquitet\u00f4nico est\u00e9tico e sistema construtivo. Neste sentido:<br>&nbsp;&#8211; devem ser preservadas volumetria, v\u00e3os e adornos das fachadas Norte, Leste e Sul;<br>&nbsp;&#8211; as esquadrias de madeira devem ser recuperadas conforme modelo original;<br>&nbsp;&#8211; os gradis de ferro&nbsp; devem ser recuperadas conforme modelo original;<\/p>\n<p>J\u00e1 o galp\u00e3o anexo \u00e9 de interesse hist\u00f3rico-patrimonial e deve ter sua fachada Norte preservada e seus v\u00e3os originais retomados.<\/p>\t\t\t\t\t\t\t\t<\/div>\n\t\t\t\t<\/div>\n\t\t\t\t\t<\/div>\n\t\t<\/div>\n\t\t\t\t\t<\/div>\n\t\t<\/section>\n\t\t\t\t<div class=\"elementor-element elementor-element-b7060f3 elementor-widget elementor-widget-spacer\" data-id=\"b7060f3\" data-element_type=\"widget\" data-e-type=\"widget\" data-widget_type=\"spacer.default\">\n\t\t\t\t<div class=\"elementor-widget-container\">\n\t\t\t\t\t\t\t<div class=\"elementor-spacer\">\n\t\t\t<div class=\"elementor-spacer-inner\"><\/div>\n\t\t<\/div>\n\t\t\t\t\t\t<\/div>\n\t\t\t\t<\/div>\n\t\t\t\t\t<\/div>\n\t\t<\/div>\n\t\t\t\t\t<\/div>\n\t\t<\/section>\n\t\t\t\t<\/div>\n\t\t","protected":false},"excerpt":{"rendered":"<p>Arquitetura Registro realizado no final da d\u00e9cada de 1960. Estado atual da edifica\u00e7\u00e3o. Ao partir da premissa de que a pr\u00e9-exist\u00eancia deveria ser a obra de maior relev\u00e2ncia da interven\u00e7\u00e3o, o projeto Sobrado Centro Cultural prioriza a preserva\u00e7\u00e3o das caracter\u00edsticas arquitet\u00f4nicas e a volumetria da edifica\u00e7\u00e3o datada de 1916 e da fachada de seu pr\u00e9dio&hellip;&nbsp;<a href=\"https:\/\/tvovo.org\/portal\/sobrado\/arquitetura\/\" rel=\"bookmark\">Continue a ler &raquo;<span class=\"screen-reader-text\">Arquitetura<\/span><\/a><\/p>\n","protected":false},"author":1,"featured_media":545,"parent":0,"menu_order":0,"comment_status":"closed","ping_status":"closed","template":"","meta":{"neve_meta_sidebar":"full-width","neve_meta_container":"","neve_meta_enable_content_width":"on","neve_meta_content_width":100,"neve_meta_title_alignment":"","neve_meta_author_avatar":"","neve_post_elements_order":"","neve_meta_disable_header":"","neve_meta_disable_footer":"","neve_meta_disable_title":"","footnotes":""},"class_list":["post-752","page","type-page","status-publish","has-post-thumbnail","hentry"],"_links":{"self":[{"href":"https:\/\/tvovo.org\/portal\/sobrado\/wp-json\/wp\/v2\/pages\/752","targetHints":{"allow":["GET"]}}],"collection":[{"href":"https:\/\/tvovo.org\/portal\/sobrado\/wp-json\/wp\/v2\/pages"}],"about":[{"href":"https:\/\/tvovo.org\/portal\/sobrado\/wp-json\/wp\/v2\/types\/page"}],"author":[{"embeddable":true,"href":"https:\/\/tvovo.org\/portal\/sobrado\/wp-json\/wp\/v2\/users\/1"}],"replies":[{"embeddable":true,"href":"https:\/\/tvovo.org\/portal\/sobrado\/wp-json\/wp\/v2\/comments?post=752"}],"version-history":[{"count":0,"href":"https:\/\/tvovo.org\/portal\/sobrado\/wp-json\/wp\/v2\/pages\/752\/revisions"}],"wp:featuredmedia":[{"embeddable":true,"href":"https:\/\/tvovo.org\/portal\/sobrado\/wp-json\/wp\/v2\/media\/545"}],"wp:attachment":[{"href":"https:\/\/tvovo.org\/portal\/sobrado\/wp-json\/wp\/v2\/media?parent=752"}],"curies":[{"name":"wp","href":"https:\/\/api.w.org\/{rel}","templated":true}]}}